Dec 02 15:20:28.170 INFO testing stm32l0x2-0.0.1 against master#8940af3cea4a9a9deabcaf843b2f8cad9a83fc61 for beta-1.31-5
Dec 02 15:20:28.170 INFO running `"docker" "create" "-v" "/mnt/big/crater/work/local/target-dirs/beta-1.31-5/worker-2/master#8940af3cea4a9a9deabcaf843b2f8cad9a83fc61:/target:rw,Z" "-v" "/mnt/big/crater/work/local/test-source/worker-2/beta-1.31-5/master#8940af3cea4a9a9deabcaf843b2f8cad9a83fc61:/source:ro,Z" "-v" "/mnt/big/crater/work/local/cargo-home:/cargo-home:ro,Z" "-v" "/mnt/big/crater/work/local/rustup-home:/rustup-home:ro,Z" "-e" "USER_ID=1000" "-e" "SOURCE_DIR=/source" "-e" "USER_ID=1000" "-e" "CMD=cargo +8940af3cea4a9a9deabcaf843b2f8cad9a83fc61-alt build --frozen" "-e" "CARGO_TARGET_DIR=/target" "-e" "CARGO_INCREMENTAL=0" "-e" "RUST_BACKTRACE=full" "-e" "RUSTFLAGS=--cap-lints=warn" "-e" "CARGO_HOME=/cargo-home" "-e" "RUSTUP_HOME=/rustup-home" "-m" "1536M" "--network" "none" "crater"`
Dec 02 15:20:28.820 INFO [stdout] 2deb173a289cd999f2937aa1c3eb6defee0d3517276ca93b9df14806e2fada8f
Dec 02 15:20:28.827 INFO running `"docker" "start" "-a" "2deb173a289cd999f2937aa1c3eb6defee0d3517276ca93b9df14806e2fada8f"`
Dec 02 15:20:30.198 INFO [stderr] usermod: no changes
Dec 02 15:20:30.287 INFO [stderr]    Compiling vcell v0.1.0
Dec 02 15:20:30.299 INFO [stderr]    Compiling cortex-m v0.4.3
Dec 02 15:20:30.310 INFO [stderr]    Compiling aligned v0.1.2
Dec 02 15:20:30.310 INFO [stderr]    Compiling bare-metal v0.1.3
Dec 02 15:20:30.310 INFO [stderr]    Compiling untagged-option v0.1.1
Dec 02 15:20:30.555 INFO [stderr] error[E0554]: #![feature] may not be used on the beta release channel
Dec 02 15:20:30.555 INFO [stderr]   --> /cargo-home/registry/src/github.com-1ecc6299db9ec823/aligned-0.1.2/src/lib.rs:32:35
Dec 02 15:20:30.555 INFO [stderr]    |
Dec 02 15:20:30.555 INFO [stderr] 32 | #![cfg_attr(feature = "const-fn", feature(const_fn))]
Dec 02 15:20:30.555 INFO [stderr]    |                                   ^^^^^^^^^^^^^^^^^
Dec 02 15:20:30.555 INFO [stderr] 
Dec 02 15:20:30.564 INFO [stderr] error: aborting due to previous error
Dec 02 15:20:30.564 INFO [stderr] 
Dec 02 15:20:30.564 INFO [stderr] For more information about this error, try `rustc --explain E0554`.
Dec 02 15:20:30.564 INFO [stderr] error: Could not compile `aligned`.
Dec 02 15:20:30.564 INFO [stderr] warning: build failed, waiting for other jobs to finish...
Dec 02 15:20:30.595 INFO [stderr] error[E0554]: #![feature] may not be used on the beta release channel
Dec 02 15:20:30.595 INFO [stderr]  --> /cargo-home/registry/src/github.com-1ecc6299db9ec823/bare-metal-0.1.3/src/lib.rs:5:35
Dec 02 15:20:30.595 INFO [stderr]   |
Dec 02 15:20:30.595 INFO [stderr] 5 | #![cfg_attr(feature = "const-fn", feature(const_fn))]
Dec 02 15:20:30.595 INFO [stderr]   |                                   ^^^^^^^^^^^^^^^^^
Dec 02 15:20:30.595 INFO [stderr] 
Dec 02 15:20:30.595 INFO [stderr] error: aborting due to previous error
Dec 02 15:20:30.595 INFO [stderr] 
Dec 02 15:20:30.595 INFO [stderr] For more information about this error, try `rustc --explain E0554`.
Dec 02 15:20:30.603 INFO [stderr] error[E0554]: #![feature] may not be used on the beta release channel
Dec 02 15:20:30.603 INFO [stderr]  --> /cargo-home/registry/src/github.com-1ecc6299db9ec823/untagged-option-0.1.1/src/lib.rs:5:1
Dec 02 15:20:30.603 INFO [stderr]   |
Dec 02 15:20:30.603 INFO [stderr] 5 | #![feature(untagged_unions, const_fn)]
Dec 02 15:20:30.603 INFO [stderr]   | ^^^^^^^^^^^^^^^^^^^^^^^^^^^^^^^^^^^^^^
Dec 02 15:20:30.603 INFO [stderr] 
Dec 02 15:20:30.603 INFO [stderr] error: Could not compile `bare-metal`.
Dec 02 15:20:30.603 INFO [stderr] warning: build failed, waiting for other jobs to finish...
Dec 02 15:20:30.603 INFO [stderr] error: aborting due to previous error
Dec 02 15:20:30.603 INFO [stderr] 
Dec 02 15:20:30.603 INFO [stderr] For more information about this error, try `rustc --explain E0554`.
Dec 02 15:20:30.615 INFO [stderr] error: Could not compile `untagged-option`.
Dec 02 15:20:30.618 INFO [stderr] warning: build failed, waiting for other jobs to finish...
Dec 02 15:20:31.515 INFO [stderr] error: build failed
Dec 02 15:20:31.516 INFO [stderr] su: No module specific data is present
Dec 02 15:20:32.253 INFO running `"docker" "inspect" "2deb173a289cd999f2937aa1c3eb6defee0d3517276ca93b9df14806e2fada8f"`
Dec 02 15:20:32.377 INFO running `"docker" "rm" "-f" "2deb173a289cd999f2937aa1c3eb6defee0d3517276ca93b9df14806e2fada8f"`
Dec 02 15:20:32.496 INFO [stdout] 2deb173a289cd999f2937aa1c3eb6defee0d3517276ca93b9df14806e2fada8f
